- -825. Calculate the greatest common factor of p and 1.
1
Let j be -2 - 14/(-8) - (-1130)/40. Suppose 6*x + 4 = j. What is the greatest common factor of 32 and x?
4
Suppose -9*b - 2767 = -14323. What is the highest common factor of b and 12?
12
Suppose -c = -4*y - 94, 0 = c + 4*c + y - 554. What is the greatest common divisor of c and 30?
10
Suppose -4*h - 5*g = -2*h - 70, -5*g = -3*h + 55. Calculate the highest common divisor of 10 and h.
5
Let i = 28 - 0. Let f = -25 + i. Suppose 8*k - f*k - 150 = 0. What is the greatest common factor of k and 6?
6
Let x = 144 + -72. What is the highest common divisor of 56 and x?
8
Let f be (26 + 2 + -3)*(1 + 1). Let t = 73 - f. Suppose 5*q - 500 - 420 = 0. Calculate the highest common factor of q and t.
23
Suppose 0*w = a + 4*w + 100, 200 = -2*a - 3*w. Let u = 102 + a. Calculate the greatest common factor of 2 and u.
2
Suppose -2*d + 322 = 5*a, 0 = d + 18*a - 20*a - 161. What is the greatest common factor of 21 and d?
7
Let m(u) = -15*u - 504. Let k be m(-51). Calculate the greatest common factor of k and 232.
29
Let m(h) = 12*h - 293. Let o be m(25). Calculate the greatest common divisor of 343 and o.
7
Let g be -4*(2/9 + 170/(-36)). Calculate the highest common divisor of g and 36.
18
Let z be (-106)/(-9) + 4/18. Suppose 0 = 5*v - 2*v - z. What is the greatest common factor of 4 and v?
4
Suppose 5*r - 3 = -3*f - 1, 4*r + 4*f = 0. Let k(x) = -4*x - 24. Let z be k(-14). Suppose 0 = 2*b - 6*b + z. What is the greatest common factor of r and b?
1
Let d(a) = 41*a**2 - 15*a + 16. Let z be d(1). What is the greatest common divisor of z and 12?
6
Suppose -i + 155 = 5*g, -28 - 42 = -2*g - 2*i. Calculate the highest common divisor of g and 12.
6
Let m = 297 - 126. Let i(t) = -t**3 - 89*t**2 - 80*t + 713. Let a be i(-88). What is the highest common divisor of m and a?
9
Let q(k) = k**3 + 6*k**2 + 9*k + 22. Let y be q(-4). Calculate the greatest common factor of y and 42.
6
Let m(o) = -33*o - 1. Let z be m(-3). Suppose -2*x - 2*c + 20 = 0, -18 = -x - 0*x + c. Calculate the greatest common factor of z and x.
14
Let l(g) = 2*g + 63. Let b be l(-25). What is the highest common factor of b and 169?
13
Let p = -12 + 20. Let i be 1*p/4 + -1. Calculate the greatest common divisor of 4 and i.
1
Let y = -7 - -10. Suppose 2*u = 3*i - i + 8, -u - 5 = 2*i. What is the highest common factor of u and y?
1
Let c be (6 + -5)/((-2)/162). Let h be (-261)/c - (-2)/(-9). Calculate the greatest common factor of h and 9.
3
Let t be ((-456)/16)/((-3)/60). Calculate the highest common divisor of t and 150.
30
Suppose 0 = -10*v + 8*v + 20. Suppose 2*u - 3*u = -4*w + 11, -2*w + v = -2*u. What is the highest common divisor of 26 and w?
2
Suppose 0 = r + 4*g + 42 - 342, 3*g + 6 = 0. What is the greatest common divisor of r and 220?
44
Let i = 7 - 0. Let m be 676/12 - (-2)/(-6). What is the greatest common divisor of m and i?
7
Let f be (1*-2 - (-7)/(-14))*-26. Let k = 81 - f. Let s(l) = 3*l - 2. Let y be s(6). Calculate the highest common divisor of y and k.
16
Suppose 5*l - l + 3*t - 444 = 0, 2*t = 8. What is the greatest common factor of l and 12?
12
Suppose -2*h = 5*r - 0 - 8, h = -r + 1. Suppose d - 5*d = -r*y + 94, 0 = -y - 3*d + 67. Calculate the greatest common divisor of 5 and y.
5
Suppose 0 = -5*q + 6*q + 2. Let y be (q + 186/21)*(6 - -1). What is the highest common factor of 12 and y?
12
Let f be -22*-20*(-3)/(-6). Calculate the highest common factor of 132 and f.
44
Let i = 306 + -294. Calculate the greatest common divisor of i and 30.
6
Suppose 3239 = 64*n - 23*n. What is the greatest common factor of n and 869?
79
Suppose -x + 43 + 17 = 0. Suppose h = 4*h + 4320. Let p be (4/6)/(4/h*-8). Calculate the greatest common divisor of p and x.
30
Let x be 2/11 + 358380/121 + -11. What is the highest common factor of 13 and x?
13
Suppose s - 784 = 9*s. Let k = 203 + s. What is the highest common divisor of k and 70?
35
Let s be (-176)/4*(10/15)/((-5)/30). Let c(y) = -y**3 + 4*y**2 + 5*y - 4. Let v be c(4). Calculate the highest common factor of s and v.
16
Let h = 347 + -203. What is the highest common divisor of 18 and h?
18
Suppose -10*y + 276 = -6*y. Suppose 6*p - y = 3*p. What is the greatest common factor of 115 and p?
23
Let z be (75/(-12) - -6)/((-1)/(-4)). Let v be 2/3*36/(2 - z). Calculate the highest common divisor of 12 and v.
4
Let k(n) = -11*n - 2. Let h be k(-2). Let q(r) = -157*r + 3. Let a be q(-1). What is the greatest common factor of h and a?
20
Suppose -5*c - 12 = d - 37, 5*d = c - 31. Let u = 5 + c. What is the greatest common factor of 22 and u?
11
Let j(d) = -d**3 - 9*d**2 + 10*d + 16. Let m be j(-10). Suppose 320 = -7*l + 11*l. Calculate the highest common factor of m and l.
16
Let x = -19 + 13. Let a be 1/(-2) + (-81)/x. Suppose -20*q + 337 + 963 = 0. What is the greatest common factor of q and a?
13
Suppose 3*r - 141 = -33. Let i be ((-8)/10)/((-236)/(-120) - 2). What is the greatest common divisor of r and i?
12
Let q = -67 + 73. Let t be ((-45)/15)/(q/(-152)). Calculate the highest common divisor of 114 and t.
38
Let n(w) = -6*w - 1. Let a be n(-1). Suppose a*r = -0*r + 45. Let y = -16 - -52. What is the highest common divisor of r and y?
9
Let n be ((-18)/9)/(3/(153/(-6))). What is the greatest common factor of 51 and n?
17
Suppose -2*c = -3*a - 7, -c - a - 1 = -7. Suppose -247 = -c*q + 128. What is the greatest common factor of 30 and q?
15
Let j(q) = 11*q**2 + q - 3. Let g be j(-8). Let h(i) = -i + 4. Let z be h(-2). Suppose -3*r = -z*r + g. What is the greatest common divisor of r and 21?
21
Let k be (3/(-2) - -1)/(1/(-48)). Calculate the highest common factor of 120 and k.
24
Suppose 0 = -3*z - 2*z + 10. Suppose 7 = -z*n + 19. Suppose -i = n - 32. Calculate the highest common factor of 104 and i.
26
Let h(o) = o + 22. Let a(u) = -21. Let k(m) = -3*a(m) - 2*h(m). Let g be k(8). Let l be (-33)/(-12) - (-1)/4. What is the highest common divisor of l and g?
3
Let r be (14 - 18)/((-8)/6) - -1. Let c = 105 + -61. What is the greatest common factor of c and r?
4
Suppose 2*b + 2098 = 7*b + 4*u, 0 = 4*b - 4*u - 1700. Let v = 782 - b. Calculate the highest common divisor of 40 and v.
40
Let q(i) = i**2 + 7*i - 14. Let g(d) = d**3 + 8*d**2 + 6*d - 16. Let p be g(-7). Let z be q(p). What is the highest common factor of 20 and z?
4
Let j(p) = p**2 - 7*p + 6. Let r = 0 + 6. Let x be j(r). Suppose -5*s + 182 + 493 = x. Calculate the greatest common divisor of s and 15.
15
Let r be -45*(228/(-36) + 6). Let q = -1 + 4. What is the greatest common factor of r and q?
3
Let h = 423 + -404. What is the greatest common factor of h and 247?
19
Let q = -802 + 893. Calculate the highest common divisor of 49 and q.
7
Let m = -1584 + 1767. Calculate the greatest common divisor of 61 and m.
61
Suppose 0 = -6*l + 19 + 449. Let i = l - 60. What is the greatest common divisor of 54 and i?
18
Let z = -165 + 225. Calculate the greatest common divisor of 840 and z.
60
Suppose 3*i - 3*o = 1371, -1 - 4 = 5*o. Calculate the greatest common factor of i and 57.
57
Let v(q) = 11*q + 1. Let h be v(1). Let s be (-36)/(-21) + -2 + (-3180)/(-742). Calculate the highest common factor of h and s.
4
Let a be (-127 - (-3)/1) + 4. Let x be (-1 + (-5)/4)*a. What is the highest common factor of 30 and x?
30
Let q(k) = -k**2 + 29*k - 205. Let h be q(13). Calculate the highest common divisor of 393 and h.
3
Suppose i - 5*i = -20. Let s(q) = q**2 + 3*q + 2. Let z be s(-2). Suppose v = -z*v + t + 115, i*t = v - 115. What is the greatest common divisor of v and 23?
23
Suppose -u + 193 = 5*d - 7, d - 4*u = 40. Let j = -34 + d. What is the greatest common divisor of j and 15?
3
Let z = 2 - -10. Let h be 1/(-3) + 16/z. Suppose 0 = -5*c - 5*m + 30, -3*m - 3 = -4*m. Calculate the greatest common factor of c and h.
1
Let n = -340 + 549. Let f(j) = 19 + 0*j**3 - 7*j**3 - j + 5*j**3 + 3*j**3. Let x be f(0). What is the highest common factor of x and n?
19
Let y = -77 + 34. Let m = y - -55. Calculate the greatest common factor of m and 24.
12
Suppose -13 + 7 = -3*m, 3*a = 4*m + 1180. Calculate the highest common divisor of a and 11.
11
Let i = 5886 - 1889. Calculate the highest common factor of 7 and i.
7
Let a(v) = 13*v - 1. Suppose 58 = -4*k + 14. Let u = 12 + k